pose r = 3*n + n - 176. Calculate the highest common factor of n and 11.
11
Let g(z) = z - 13. Let d be g(14). Let c be (55 - (d - 1)) + 2. What is the greatest common divisor of 38 and c?
19
Let s be (-55 + 1)*6/(-12). Calculate the greatest common factor of 3 and s.
3
Let c = 6 + -4. Suppose 0 = -4*j + 3*m - 0*m - 4, 0 = 3*j + 5*m - 26. Calculate the greatest common divisor of c and j.
2
Let f(r) = -20*r - 2. Let d be f(-1). Calculate the greatest common factor of d and 6.
6
Let a = 32 + -24. Calculate the highest common factor of 20 and a.
4
Let r(d) = d - 5. Let l be r(5). Suppose -2*z - z = l. Suppose -g - 2 + 14 = z. What is the greatest common divisor of 24 and g?
12
Let s be (-20 + -1)*(-22)/(-2). Let t = s - -401. Suppose -t = 3*l - 5*l. What is the greatest common factor of 34 and l?
17
Let z = 132 - 93. What is the greatest common factor of 26 and z?
13
Let n = -211 - -116. Let l = n + 158. Calculate the greatest common factor of 21 and l.
21
Suppose -2*a - 3*a = -5. Let w be 9 + a*(-1)/(-1). Suppose -v + 5*v - 55 = 5*i, 3*i - 3 = 0. What is the greatest common factor of w and v?
5
Let g(a) = 3*a - 1. Let p be g(3). Let m(f) = -f**3 + 15*f**2 + f - 17. Let x be m(15). Let c = x + p. Calculate the highest common divisor of 54 and c.
6
Let b be 45 + 0 + -1 - (-3 - -1). What is the highest common factor of b and 414?
46
Suppose -3*p = 5*d - 7, 5*p = -2*d - 3*d + 15. Suppose -4*j + 3*j - 27 = 0. Let l = 59 + j. What is the highest common divisor of l and p?
4
Let x(h) = -17*h + 4. Let s(w) be the first derivative of -w**2 + w - 1. Let r be s(2). Let f be x(r). Calculate the greatest common divisor of 22 and f.
11
Let n be (-1380)/(-21) + (-4)/(-14). Calculate the highest common factor of 6 and n.
6
Let k = -86 + 251. Calculate the highest common divisor of 15 and k.
15
Let r = 3 - 7. Let k(q) = q + 5. Let s be k(r). Calculate the greatest common factor of 4 and s.
1
Let v(k) = -k**3 - 3*k**2 + k + 10. Let l be v(0). Calculate the greatest common divisor of l and 65.
5
Suppose 2*d = 5*q + 14, q + 0 = -2. Suppose 785 = d*x + 3*x. Let g = 245 - x. What is the highest common divisor of 8 and g?
8
Suppose 3*m - 5*y = 150, 3*m + 0*y = -y + 132. Let v = 69 - m. Calculate the greatest common factor of 12 and v.
12
Suppose 0 = 2*v - 0*v. Suppose v = -4*n + 115 + 5. Let c be 2 - -12 - 4/(-4). What is the greatest common factor of n and c?
15
Suppose 0 = -6*w + 3*w + 270. Calculate the highest common factor of 10 and w.
10
Suppose -3*m = -115 + 31. Let u(r) = r**2 + 2*r + 1. Let i be u(-2). Let a be (11 - 10)/(i/7). What is the greatest common divisor of a and m?
7
Let b be -1 + (-2)/(-2) - -30. Suppose t + 5*z - 10 = 0, t + z - 28 = 5*z. What is the highest common factor of t and b?
10
Suppose -6*n - n = -63. Suppose -2*u - 45 = -3*u. What is the highest common divisor of n and u?
9
Suppose -3*n + 20 + 40 = 0. Suppose -5*j - 3 = 32. Let t = n + j. What is the highest common divisor of 104 and t?
13
Suppose -4*c - 33 = -145. Suppose -4*u - 5*a = -8, a - 3*a = -4*u + 36. Calculate the highest common divisor of u and c.
7
Let c be 2/(82/40 + -2). Let r = -13 + 18. Suppose 4*v = 25 - r. What is the greatest common divisor of v and c?
5
Suppose 3*m + 2*t - t = 59, -78 = -4*m - 2*t. Suppose 0 = 5*v - 567 - 133. What is the greatest common factor of m and v?
20
Let w be (168/(-21))/((-2)/33). Calculate the greatest common divisor of w and 12.
12
Let u be 4/(-14) + 23/7. Suppose 12 = -p + 17. Let i = p - 2. What is the highest common divisor of u and i?
3
Let a be (-6)/8 + 165/12. What is the greatest common divisor of 169 and a?
13
Let n(k) = 5*k + 18. Let m be n(6). Calculate the highest common factor of 12 and m.
12
Let a(g) = -g**3 + 10*g**2 + 13*g - 12. Let d be a(11). Let u(z) = -z**2 + 10*z + 14. Let x be u(d). Calculate the greatest common factor of x and 154.
14
Suppose -2*i = i - 564. Let r = -83 + i. What is the highest common factor of 15 and r?
15
Let n be (174/8)/((-6)/(-32)). What is the highest common divisor of 174 and n?
58
Let x be 81*3/((-18)/(-8)). Calculate the highest common factor of 36 and x.
36
Suppose -13*h + 155 + 547 = 0. Calculate the greatest common divisor of h and 36.
18
Let z = 22 + -6. What is the greatest common factor of z and 112?
16
Let p be ((-8)/12)/(2/(-15)). Let a = 18 - -22. Suppose 0*v = v - a. Calculate the greatest common factor of v and p.
5
Let t = 6 - 6. Suppose t = -u + 4*u - 72. Let s = 63 - 27. Calculate the greatest common divisor of u and s.
12
Let m(h) = -h**2 + 4*h. Let i be m(4). Let n = 4 + 0. Suppose 2*v - n + 2 = i. What is the highest common factor of 3 and v?
1
Suppose -44 = -2*k - 2*i, -i = -5*k + 86 + 6. Suppose -2*a = -79 - 73. Calculate the highest common divisor of k and a.
19
Let j be 26 - (-7)/((-28)/(-8)). What is the highest common divisor of j and 14?
14
Suppose 3*s = 10 + 8. Calculate the highest common divisor of s and 6.
6
Let a be (-29 + 25)/((-2)/7). Suppose 0*x = 4*x - 3*t - 37, -5*x - 4*t + 23 = 0. What is the greatest common factor of x and a?
7
Suppose -r - 119 = -149. Calculate the greatest common factor of 6 and r.
6
Let q(m) = m**3 - m**2 + m + 5. Let a be q(0). Suppose -a*y - 28 = -4*c, -5*y - 29 = -2*c - 5. What is the highest common factor of 16 and c?
2
Suppose -5*c = -25, -4*k - 3*c + 4*c = -163. Let j be ((-3)/(-2))/((-12)/(-168)). What is the highest common divisor of k and j?
21
Let z be (30/(-8))/(1/(-4)). What is the greatest common divisor of 15 and z?
15
Let k(t) = -3*t - 6. Let h be k(-3). Suppose 5*z = 2*z + 99. What is the greatest common factor of h and z?
3
Let b(r) = 2*r**2 - r. Let f(h) = 3*h**2 - h - 1. Let g(o) = 5*b(o) - 3*f(o). Let s = 5 - 3. Let v be g(s). What is the highest common factor of v and 27?
3
Let k be (-26)/3 - 4/(-6). Let b = -2 - k. Let w be (6/(-15))/(2/(-10)). Calculate the greatest common divisor of w and b.
2
Let p(y) = -50*y**3 + 1. Let t be p(-1). Let x = 1 + 4. Suppose i - 2*d = -6*d - 3, -3*d = -x*i + 100. What is the greatest common divisor of t and i?
17
Suppose -w - 3*d = 3*w - 20, -d + 5 = w. Suppose -110 = -w*o - 0*o. Calculate the greatest common divisor of 22 and o.
22
Suppose -5*i = -3*b + 57, -i = -b + 4*i + 9. What is the greatest common divisor of 6 and b?
6
Suppose 351 = v + 120. Calculate the highest common factor of v and 21.
21
Suppose -4*u + 17 = 5. Let b(a) = a**2 + 3*a - 2. Let n be b(u). What is the greatest common divisor of n and 8?
8
Let q be ((-32)/6)/(2/(-3)). What is the greatest common divisor of q and 20?
4
Let x(k) be the first derivative of k**3/3 - k**2 + 5*k + 10. Let s = 8 - 4. Let q be x(s). What is the greatest common divisor of 78 and q?
13
Let u = 139 + -67. What is the greatest common factor of u and 8?
8
Suppose 3*a = -a. Let h(f) = -f**3 + f**2 - 165. Let j be h(a). Let q = j + 231. What is the greatest common factor of 6 and q?
6
Let h = -177 - -311. Suppose -4*o + 159 = -3*g, 0*o = -4*o - 2*g + h. Calculate the greatest common factor of o and 54.
18
Suppose -6*n + 10*n = 160. Calculate the greatest common factor of n and 20.
20
Suppose p + 264 = 4*p. Suppose 5*r - 32 = 2*r + 5*l, -3*r = -4*l - 31. Let w = r + 2. What is the highest common factor of w and p?
11
Let w(c) = c**3 - 8*c**2 - 17*c - 13. Let m be w(10). Calculate the greatest common factor of m and 119.
17
Let p be ((-36)/6)/((-1)/5). Calculate the greatest common divisor of p and 20.
10
Let c(a) = -3*a**2 + 0*a**2 + 4*a**2 - a - 5. Let k be c(5). Let w(y) = 16*y - 1. Let h be w(1). What is the highest common divisor of k and h?
15
Suppose -12 = 6*y - 3*y. Let l be (-1)/6*y*6. Calculate the greatest common divisor of l and 8.
4
Let k = -9 - -5. Let w be 36/(-10)*10/k. Suppose -w - 3 = 3*i, -4*f - 3*i = -520. What is the highest common factor of f and 19?
19
Let y(v) = -v**3 - 14*v**2 + 19*v - 19. Let i be y(-16). Calculate the highest common divisor of 21 and i.
21
Suppose 0*x - 449 = -x. Suppose 147 + 29 = 2*r - 3*f, 0 = -5*r + 3*f + x. Calculate the highest common factor of r and 13.
13
Let d(b) = b**3 - 4*b**2 - 7*b + 6. Let z be d(6). Calculate the highest common factor of z and 396.
36
Let t be (-112)/(-5) - 4/10. Let i(k) = -29*k - 19. Let b be i(-9). What is the greatest common divisor of b and t?
22
Suppose 2*p -